{"id":2380,"date":"2025-11-28T12:30:22","date_gmt":"2025-11-28T12:30:22","guid":{"rendered":"https:\/\/demo.awaikenthemes.com\/evenza\/?page_id=2380"},"modified":"2026-03-03T18:43:43","modified_gmt":"2026-03-03T18:43:43","slug":"contact-us","status":"publish","type":"page","link":"https:\/\/mmlab.pl\/?page_id=2380","title":{"rendered":"Kontakt"},"content":{"rendered":"\t\t<div data-elementor-type=\"wp-page\" data-elementor-id=\"2380\" class=\"elementor elementor-2380\">\n\t\t\t\t<div data-ekitparallax=\"{&quot;ekit_section_parallax_bg&quot;:&quot;yes&quot;,&quot;ekit_section_parallax_bg_speed&quot;:0.5,&quot;elementor_lazy_load&quot;:&quot;1&quot;}\" class=\"elementor-element elementor-element-bc9076f e-flex e-con-boxed e-con e-parent\" data-id=\"bc9076f\" data-element_type=\"container\" data-settings=\"{&quot;background_background&quot;:&quot;classic&quot;}\">\n\t\t\t\t\t<div class=\"e-con-inner\">\n\t\t<div class=\"elementor-element elementor-element-23f8a29 e-con-full e-flex e-con e-child\" data-id=\"23f8a29\" data-element_type=\"container\">\n\t\t\t\t<div class=\"elementor-element elementor-element-f75146d at-heading-animation at-animation-heading-style-3 elementor-widget elementor-widget-heading\" data-id=\"f75146d\" data-element_type=\"widget\" data-settings=\"{&quot;ekit_we_effect_on&quot;:&quot;none&quot;}\" data-widget_type=\"heading.default\">\n\t\t\t\t\t<h1 class=\"elementor-heading-title elementor-size-default\">Kontakt<\/h1>\t\t\t\t<\/div>\n\t\t\t\t<div class=\"elementor-element elementor-element-858c46a elementor-invisible elementor-widget elementor-widget-evenza-breadcrumb\" data-id=\"858c46a\" data-element_type=\"widget\" data-settings=\"{&quot;_animation&quot;:&quot;fadeInUp&quot;,&quot;ekit_we_effect_on&quot;:&quot;none&quot;}\" data-widget_type=\"evenza-breadcrumb.default\">\n\t\t\t\t<div class=\"elementor-widget-container\">\n\t\t\t\t\t<div role=\"navigation\" aria-label=\"Breadcrumbs\" class=\"breadcrumb-trail breadcrumbs\"><ol class=\"trail-items\"><li class=\"trail-item trail-end\"><a href=\"https:\/\/mmlab.pl\" rel=\"home\"><span>Home<\/span><\/a><\/li><\/ol><\/div>\t\t\t\t<\/div>\n\t\t\t\t<\/div>\n\t\t\t\t<\/div>\n\t\t\t\t\t<\/div>\n\t\t\t\t<\/div>\n\t\t<div class=\"elementor-element elementor-element-7d98714 e-flex e-con-boxed e-con e-parent\" data-id=\"7d98714\" data-element_type=\"container\">\n\t\t\t\t\t<div class=\"e-con-inner\">\n\t\t<div class=\"elementor-element elementor-element-40870f0 e-con-full e-flex e-con e-child\" data-id=\"40870f0\" data-element_type=\"container\">\n\t\t<div class=\"elementor-element elementor-element-e6070b9 e-con-full e-flex e-con e-child\" data-id=\"e6070b9\" data-element_type=\"container\" data-settings=\"{&quot;background_background&quot;:&quot;classic&quot;}\">\n\t\t<div class=\"elementor-element elementor-element-ba52923 e-con-full e-flex e-con e-child\" data-id=\"ba52923\" data-element_type=\"container\" data-settings=\"{&quot;background_background&quot;:&quot;classic&quot;}\">\n\t\t<div class=\"elementor-element elementor-element-3f59312 e-con-full e-flex e-con e-child\" data-id=\"3f59312\" data-element_type=\"container\">\n\t\t\t\t<div class=\"elementor-element elementor-element-41ed9dc elementor-widget__width-initial elementor-widget-mobile__width-inherit contact-info-item ekit-equal-height-disable elementor-widget elementor-widget-elementskit-icon-box\" data-id=\"41ed9dc\" data-element_type=\"widget\" data-settings=\"{&quot;ekit_we_effect_on&quot;:&quot;none&quot;}\" data-widget_type=\"elementskit-icon-box.default\">\n\t\t\t\t\t<div class=\"ekit-wid-con\" >        <!-- link opening -->\n                <a href=\"tel:+00%20123%20456%20789\" class=\"ekit_global_links\">\n                <!-- end link opening -->\n\n        <div class=\"elementskit-infobox text-left text-left icon-top-align elementor-animation-   \">\n                    <div class=\"elementskit-box-header elementor-animation-\">\n                <div class=\"elementskit-info-box-icon  \">\n                    <svg xmlns=\"http:\/\/www.w3.org\/2000\/svg\" width=\"25\" height=\"25\" viewBox=\"0 0 25 25\" fill=\"currentColor\"><path d=\"M9.24414 6.17969C9.24403 5.87551 9.12436 5.58318 8.91113 5.36621L5.5293 1.98438L5.44336 1.9082C5.23499 1.74082 4.97462 1.64844 4.70508 1.64844C4.39727 1.6485 4.10196 1.76924 3.88184 1.98438L3.10742 2.77637L3.09863 2.78516C2.28976 3.58332 1.77952 4.63607 1.65527 5.76563C1.53139 6.89222 1.79849 8.02715 2.41113 8.98047C6.05325 14.346 10.6869 18.9664 16.0625 22.5938C17.0147 23.2039 18.1471 23.4693 19.2715 23.3457C20.401 23.2214 21.4538 22.7123 22.252 21.9033L22.2617 21.8936L23.0537 21.1182C23.2682 20.8981 23.3887 20.6032 23.3887 20.2959C23.3886 19.9881 23.2679 19.6927 23.0527 19.4727H23.0518L19.6523 16.1074C19.4354 15.8944 19.143 15.7754 18.8389 15.7754C18.5347 15.7755 18.2424 15.8942 18.0254 16.1074L18.0244 16.1094C17.5239 16.5987 16.8513 16.8721 16.1514 16.8721C15.4517 16.872 14.7797 16.5985 14.2793 16.1094L8.91602 10.7461V10.7451C8.66859 10.5001 8.47136 10.2089 8.33691 9.8877C8.20175 9.56462 8.13184 9.21743 8.13184 8.86719C8.13189 8.51712 8.20183 8.17057 8.33691 7.84766C8.47055 7.52835 8.66581 7.23821 8.91113 6.99414L8.9873 6.90918C9.15311 6.70368 9.24414 6.446 9.24414 6.17969ZM10.7441 6.17969C10.7441 6.87726 10.4704 7.54736 9.98145 8.04492L9.97266 8.05371C9.86482 8.16003 9.77917 8.28706 9.7207 8.42676C9.66236 8.56629 9.63189 8.71597 9.63184 8.86719C9.63184 9.01858 9.66228 9.1689 9.7207 9.30859C9.76455 9.41335 9.82417 9.51064 9.89648 9.59766L9.97266 9.68164L15.3281 15.0371L15.4141 15.1133C15.6223 15.2803 15.8822 15.372 16.1514 15.3721C16.4593 15.3721 16.7554 15.2522 16.9756 15.0371C17.4729 14.5489 18.1418 14.2755 18.8389 14.2754C19.5365 14.2754 20.2065 14.5491 20.7041 15.0381L20.7061 15.04L24.1172 18.415L24.126 18.4238H24.125C24.6143 18.9242 24.8886 19.5961 24.8887 20.2959C24.8887 20.9958 24.6143 21.6685 24.125 22.1689C24.1212 22.1728 24.1172 22.1769 24.1133 22.1807L23.3096 22.9668C22.2705 24.0152 20.9029 24.6755 19.4355 24.8369C17.9634 24.9988 16.4807 24.6486 15.2363 23.8457C15.2322 23.843 15.2278 23.8407 15.2236 23.8379C9.68723 20.102 4.91519 15.3422 1.16504 9.81543C1.1618 9.81065 1.15841 9.80564 1.15527 9.80078C0.35253 8.55638 0.00313447 7.07355 0.165039 5.60156C0.326969 4.12946 0.990757 2.75797 2.04492 1.71777L2.82129 0.923829L2.83301 0.91211C3.33343 0.422851 4.00525 0.148498 4.70508 0.148438C5.3176 0.148437 5.90928 0.357954 6.38281 0.738282L6.57813 0.91211L9.98145 4.31543C10.4702 4.81289 10.744 5.48229 10.7441 6.17969Z\"><\/path><\/svg>\n                <\/div>\n          <\/div>\n                        <div class=\"box-body\">\n                            <h3 class=\"elementskit-info-box-title\">\n                    Zadzwo\u0144 do nas!                <\/h3>\n                        \t\t  \t<p>+48 797 731 425<\/p>\n                                <\/div>\n        \n        \n                <\/div>\n                <\/a>\n        <\/div>\t\t\t\t<\/div>\n\t\t\t\t<div class=\"elementor-element elementor-element-f78c9f6 elementor-widget__width-initial elementor-widget-mobile__width-inherit contact-info-item ekit-equal-height-disable elementor-widget elementor-widget-elementskit-icon-box\" data-id=\"f78c9f6\" data-element_type=\"widget\" data-settings=\"{&quot;ekit_we_effect_on&quot;:&quot;none&quot;}\" data-widget_type=\"elementskit-icon-box.default\">\n\t\t\t\t\t<div class=\"ekit-wid-con\" >        <!-- link opening -->\n                <a href=\"mailto:support@domainname.com\" class=\"ekit_global_links\">\n                <!-- end link opening -->\n\n        <div class=\"elementskit-infobox text-left text-left icon-top-align elementor-animation-   \">\n                    <div class=\"elementskit-box-header elementor-animation-\">\n                <div class=\"elementskit-info-box-icon  \">\n                    <svg xmlns=\"http:\/\/www.w3.org\/2000\/svg\" width=\"25\" height=\"25\" viewBox=\"0 0 25 25\" fill=\"currentColor\"><path d=\"M23.3569 4.91113C23.3569 4.33921 22.8938 3.8751 22.3218 3.875H2.6792C2.10719 3.875 1.64307 4.33913 1.64307 4.91113V20.0889C1.64307 20.6609 2.10719 21.125 2.6792 21.125H22.3218C22.8938 21.1249 23.3569 20.6608 23.3569 20.0889V4.91113ZM24.8569 20.0889C24.8569 21.4892 23.7222 22.6249 22.3218 22.625H2.6792C1.27877 22.625 0.143066 21.4893 0.143066 20.0889V4.91113C0.143066 3.5107 1.27877 2.375 2.6792 2.375H22.3218C23.7222 2.3751 24.8569 3.51073 24.8569 4.91113V20.0889Z\"><\/path><path d=\"M23.6206 4.78685C23.9357 4.51799 24.4093 4.55573 24.6782 4.87083C24.9466 5.18589 24.909 5.65872 24.5942 5.92747L14.1303 14.8562L14.1235 14.862C13.6679 15.2416 13.0933 15.4489 12.5005 15.449C11.9076 15.449 11.3331 15.2416 10.8774 14.862L10.8706 14.8562L0.406703 5.92747C0.0916557 5.65866 0.0540151 5.18594 0.322719 4.87083C0.591528 4.55579 1.06426 4.51815 1.37936 4.78685L11.8374 13.7097L11.9096 13.7644C12.0823 13.8843 12.2885 13.949 12.5005 13.949C12.7124 13.9489 12.9185 13.8844 13.0913 13.7644L13.1626 13.7097L23.6206 4.78685Z\"><\/path><\/svg>\n                <\/div>\n          <\/div>\n                        <div class=\"box-body\">\n                            <h3 class=\"elementskit-info-box-title\">\n                    Napisz do nas!                <\/h3>\n                        \t\t  \t<p>biuro@mmlab.pl<\/p>\n                                <\/div>\n        \n        \n                <\/div>\n                <\/a>\n        <\/div>\t\t\t\t<\/div>\n\t\t\t\t<div class=\"elementor-element elementor-element-b0d69e1 elementor-widget__width-inherit ekit-equal-height-disable elementor-widget elementor-widget-elementskit-icon-box\" data-id=\"b0d69e1\" data-element_type=\"widget\" data-settings=\"{&quot;ekit_we_effect_on&quot;:&quot;none&quot;}\" data-widget_type=\"elementskit-icon-box.default\">\n\t\t\t\t\t<div class=\"ekit-wid-con\" >        <!-- link opening -->\n                <a href=\"mailto:support@domainname.com\" class=\"ekit_global_links\">\n                <!-- end link opening -->\n\n        <div class=\"elementskit-infobox text-left text-left icon-lef-right-aligin elementor-animation- media  \">\n                    <div class=\"elementskit-box-header elementor-animation-\">\n                <div class=\"elementskit-info-box-icon  text-center\">\n                    <svg xmlns=\"http:\/\/www.w3.org\/2000\/svg\" width=\"17\" height=\"24\" viewBox=\"0 0 17 24\" fill=\"currentColor\"><path d=\"M15.4287 8.46387C15.4286 6.61701 14.6946 4.84599 13.3887 3.54004C12.0826 2.23398 10.3109 1.5 8.46387 1.5C6.61697 1.50011 4.846 2.23408 3.54004 3.54004C2.23408 4.846 1.50011 6.61697 1.5 8.46387C1.5 9.35533 1.9183 10.6718 2.63672 12.2275C3.3418 13.7544 4.28791 15.4134 5.24414 16.9551C6.19884 18.4943 7.15511 19.9036 7.87305 20.9287C8.09445 21.2448 8.29524 21.5229 8.46387 21.7578C8.63255 21.5228 8.83414 21.245 9.05566 20.9287C9.7736 19.9036 10.7289 18.4942 11.6836 16.9551C12.6399 15.4133 13.5868 13.7545 14.292 12.2275C15.0104 10.6718 15.4287 9.35533 15.4287 8.46387ZM16.9287 8.46387C16.9287 9.70669 16.3823 11.2799 15.6543 12.8564C14.913 14.4617 13.9312 16.1787 12.959 17.7461C11.9853 19.3159 11.0126 20.749 10.2842 21.7891C9.91982 22.3093 9.61554 22.7322 9.40234 23.0254C9.29583 23.1719 9.21182 23.2864 9.1543 23.3643L9.07129 23.4766C9.06945 23.479 9.06745 23.481 9.06641 23.4824L9.06543 23.4844C8.92381 23.6735 8.70015 23.7861 8.46387 23.7861C8.22784 23.786 8.0058 23.6742 7.86426 23.4854L8.46387 23.0361L7.86328 23.4854V23.4844L7.8623 23.4824C7.86126 23.481 7.85929 23.4791 7.85742 23.4766L7.77441 23.3643C7.71689 23.2864 7.63291 23.1719 7.52637 23.0254C7.31317 22.7322 7.00892 22.3093 6.64453 21.7891C5.91609 20.749 4.94342 19.3159 3.96973 17.7461C2.99753 16.1787 2.01568 14.4617 1.27441 12.8564C0.546399 11.2799 0 9.70669 0 8.46387C0.000110884 6.21915 0.892229 4.06676 2.47949 2.47949C4.06676 0.892229 6.21915 0.000110852 8.46387 0C10.7087 0 12.8619 0.892131 14.4492 2.47949C16.0364 4.06675 16.9286 6.21918 16.9287 8.46387Z\"><\/path><path d=\"M10.2854 8.46436C10.2853 7.45847 9.47001 6.64307 8.46411 6.64307C7.45827 6.64314 6.6429 7.45852 6.64282 8.46436C6.64282 9.47026 7.45823 10.2856 8.46411 10.2856C9.47006 10.2856 10.2854 9.4703 10.2854 8.46436ZM11.7854 8.46436C11.7854 10.2987 10.2985 11.7856 8.46411 11.7856C6.6298 11.7856 5.14282 10.2987 5.14282 8.46436C5.1429 6.63009 6.62985 5.14314 8.46411 5.14307C10.2984 5.14307 11.7853 6.63005 11.7854 8.46436Z\"><\/path><\/svg>\n                <\/div>\n          <\/div>\n                        <div class=\"box-body\">\n                            <h3 class=\"elementskit-info-box-title\">\n                    Nasza lokalizacja                <\/h3>\n                        \t\t  \t<p>ul. Matysowska, 35-330 Rzesz\u00f3w<\/p>\n                                <\/div>\n        \n        \n                <\/div>\n                <\/a>\n        <\/div>\t\t\t\t<\/div>\n\t\t\t\t<\/div>\n\t\t\t\t<\/div>\n\t\t<div class=\"elementor-element elementor-element-602f11d e-con-full e-flex e-con e-child\" data-id=\"602f11d\" data-element_type=\"container\">\n\t\t\t\t<div class=\"elementor-element elementor-element-44ff69a section-title at-heading-animation at-animation-heading-none elementor-invisible elementor-widget elementor-widget-heading\" data-id=\"44ff69a\" data-element_type=\"widget\" data-settings=\"{&quot;_animation&quot;:&quot;fadeInUp&quot;,&quot;ekit_we_effect_on&quot;:&quot;none&quot;}\" data-widget_type=\"heading.default\">\n\t\t\t\t\t<h3 class=\"elementor-heading-title elementor-size-default\">Skontaktuj si\u0119 z nami<\/h3>\t\t\t\t<\/div>\n\t\t\t\t<div class=\"elementor-element elementor-element-94018f0 at-heading-animation at-animation-heading-style-3 elementor-widget elementor-widget-heading\" data-id=\"94018f0\" data-element_type=\"widget\" data-settings=\"{&quot;ekit_we_effect_on&quot;:&quot;none&quot;}\" data-widget_type=\"heading.default\">\n\t\t\t\t\t<h2 class=\"elementor-heading-title elementor-size-default\">Skorzystaj z formularza kontaktowego<\/h2>\t\t\t\t<\/div>\n\t\t\t\t<div class=\"elementor-element elementor-element-0301b1f elementor-invisible elementor-widget elementor-widget-text-editor\" data-id=\"0301b1f\" data-element_type=\"widget\" data-settings=\"{&quot;_animation&quot;:&quot;fadeInUp&quot;,&quot;_animation_delay&quot;:100,&quot;ekit_we_effect_on&quot;:&quot;none&quot;}\" data-widget_type=\"text-editor.default\">\n\t\t\t\t\t\t\t\t\t<p>Jeste\u015bmy do twojej dyspozycji, postaramy si\u0119 odpowiedzie\u0107 w jak najszybszym czasie.<\/p>\t\t\t\t\t\t\t\t<\/div>\n\t\t\t\t<div class=\"elementor-element elementor-element-aaf04f0 elementor-invisible elementor-widget elementor-widget-elementskit-contact-form7\" data-id=\"aaf04f0\" data-element_type=\"widget\" data-settings=\"{&quot;_animation&quot;:&quot;fadeInUp&quot;,&quot;_animation_delay&quot;:200,&quot;ekit_we_effect_on&quot;:&quot;none&quot;}\" data-widget_type=\"elementskit-contact-form7.default\">\n\t\t\t\t\t<div class=\"ekit-wid-con\" ><div class=\"ekit-form\">\n<div class=\"wpcf7 no-js\" id=\"wpcf7-f5066-o1\" lang=\"en-US\" dir=\"ltr\" data-wpcf7-id=\"5066\">\n<div class=\"screen-reader-response\"><p role=\"status\" aria-live=\"polite\" aria-atomic=\"true\"><\/p> <ul><\/ul><\/div>\n<form action=\"\/index.php?rest_route=%2Fwp%2Fv2%2Fpages%2F2380#wpcf7-f5066-o1\" method=\"post\" class=\"wpcf7-form init\" aria-label=\"Contact form\" novalidate=\"novalidate\" data-status=\"init\">\n<fieldset class=\"hidden-fields-container\"><input type=\"hidden\" name=\"_wpcf7\" value=\"5066\" \/><input type=\"hidden\" name=\"_wpcf7_version\" value=\"6.1.4\" \/><input type=\"hidden\" name=\"_wpcf7_locale\" value=\"en_US\" \/><input type=\"hidden\" name=\"_wpcf7_unit_tag\" value=\"wpcf7-f5066-o1\" \/><input type=\"hidden\" name=\"_wpcf7_container_post\" value=\"0\" \/><input type=\"hidden\" name=\"_wpcf7_posted_data_hash\" value=\"\" \/>\n<\/fieldset>\n<div class=\"row\">\n\t<div class=\"form-group col-md-6 mb-4\">\n\t\t<p><span class=\"wpcf7-form-control-wrap\" data-name=\"first-name\"><input size=\"40\" maxlength=\"400\" class=\"wpcf7-form-control wpcf7-text wpcf7-validates-as-required form-control\" id=\"name\" aria-required=\"true\" aria-invalid=\"false\" placeholder=\"Imie\" value=\"\" type=\"text\" name=\"first-name\" \/><\/span>\n\t\t<\/p>\n\t<\/div>\n\t<div class=\"form-group col-md-6 mb-4\">\n\t\t<p><span class=\"wpcf7-form-control-wrap\" data-name=\"last-name\"><input size=\"40\" maxlength=\"400\" class=\"wpcf7-form-control wpcf7-text wpcf7-validates-as-required form-control\" aria-required=\"true\" aria-invalid=\"false\" placeholder=\"Nazwisko\" value=\"\" type=\"text\" name=\"last-name\" \/><\/span>\n\t\t<\/p>\n\t<\/div>\n\t<div class=\"form-group col-md-6 mb-4\">\n\t\t<p><span class=\"wpcf7-form-control-wrap\" data-name=\"phone\"><input size=\"40\" maxlength=\"400\" class=\"wpcf7-form-control wpcf7-text wpcf7-validates-as-required form-control\" id=\"phone\" aria-required=\"true\" aria-invalid=\"false\" placeholder=\"Telefon\" value=\"\" type=\"text\" name=\"phone\" \/><\/span>\n\t\t<\/p>\n\t<\/div>\n\t<div class=\"form-group col-md-6 mb-4\">\n\t\t<p><span class=\"wpcf7-form-control-wrap\" data-name=\"email\"><input size=\"40\" maxlength=\"400\" class=\"wpcf7-form-control wpcf7-email wpcf7-validates-as-required wpcf7-text wpcf7-validates-as-email form-control\" id=\"email\" aria-required=\"true\" aria-invalid=\"false\" placeholder=\"E-mail\" value=\"\" type=\"email\" name=\"email\" \/><\/span>\n\t\t<\/p>\n\t<\/div>\n\t<div class=\"form-group col-md-12 mb-4\">\n\t\t<p><span class=\"wpcf7-form-control-wrap\" data-name=\"message\"><textarea cols=\"40\" rows=\"10\" maxlength=\"2000\" class=\"wpcf7-form-control wpcf7-textarea form-control\" id=\"msg\" aria-invalid=\"false\" placeholder=\"Wiadomo\u015b\u0107...\" name=\"message\"><\/textarea><\/span>\n\t\t<\/p>\n\t<\/div>\n\t<div class=\"col-md-12 form-btn\">\n\t\t<p><input class=\"wpcf7-form-control wpcf7-submit has-spinner btn-default\" id=\"msgSubmit\" type=\"submit\" value=\"Wy\u015blij!\" \/>\n\t\t<\/p>\n\t<\/div>\n<\/div><div class=\"wpcf7-response-output\" aria-hidden=\"true\"><\/div>\n<\/form>\n<\/div>\n<\/div><\/div>\t\t\t\t<\/div>\n\t\t\t\t<\/div>\n\t\t\t\t<\/div>\n\t\t\t\t<\/div>\n\t\t\t\t\t<\/div>\n\t\t\t\t<\/div>\n\t\t<div class=\"elementor-element elementor-element-4e538a3 e-con-full e-flex e-con e-parent\" data-id=\"4e538a3\" data-element_type=\"container\">\n\t\t<div class=\"elementor-element elementor-element-61712de e-con-full e-flex e-con e-child\" data-id=\"61712de\" data-element_type=\"container\">\n\t\t\t\t<div class=\"elementor-element elementor-element-b23c75c elementor-widget elementor-widget-google_maps\" data-id=\"b23c75c\" data-element_type=\"widget\" data-settings=\"{&quot;ekit_we_effect_on&quot;:&quot;none&quot;}\" data-widget_type=\"google_maps.default\">\n\t\t\t\t\t\t\t<div class=\"elementor-custom-embed\">\n\t\t\t<iframe loading=\"lazy\"\n\t\t\t\t\tsrc=\"https:\/\/maps.google.com\/maps?q=Matysowska%2082%2C%2035-330%20Rzesz%C3%B3w&#038;t=m&#038;z=13&#038;output=embed&#038;iwloc=near\"\n\t\t\t\t\ttitle=\"Matysowska 82, 35-330 Rzesz\u00f3w\"\n\t\t\t\t\taria-label=\"Matysowska 82, 35-330 Rzesz\u00f3w\"\n\t\t\t><\/iframe>\n\t\t<\/div>\n\t\t\t\t\t\t<\/div>\n\t\t\t\t<\/div>\n\t\t\t\t<\/div>\n\t\t\t\t<\/div>\n\t\t","protected":false},"excerpt":{"rendered":"<p>Kontakt Home Zadzwo\u0144 do nas! +48 797 731 425 Napisz do nas! [&hellip;]<\/p>\n","protected":false},"author":1,"featured_media":0,"parent":0,"menu_order":0,"comment_status":"closed","ping_status":"closed","template":"elementor_header_footer","meta":{"footnotes":""},"class_list":["post-2380","page","type-page","status-publish","hentry"],"_links":{"self":[{"href":"https:\/\/mmlab.pl\/index.php?rest_route=\/wp\/v2\/pages\/2380","targetHints":{"allow":["GET"]}}],"collection":[{"href":"https:\/\/mmlab.pl\/index.php?rest_route=\/wp\/v2\/pages"}],"about":[{"href":"https:\/\/mmlab.pl\/index.php?rest_route=\/wp\/v2\/types\/page"}],"author":[{"embeddable":true,"href":"https:\/\/mmlab.pl\/index.php?rest_route=\/wp\/v2\/users\/1"}],"replies":[{"embeddable":true,"href":"https:\/\/mmlab.pl\/index.php?rest_route=%2Fwp%2Fv2%2Fcomments&post=2380"}],"version-history":[{"count":7,"href":"https:\/\/mmlab.pl\/index.php?rest_route=\/wp\/v2\/pages\/2380\/revisions"}],"predecessor-version":[{"id":11673,"href":"https:\/\/mmlab.pl\/index.php?rest_route=\/wp\/v2\/pages\/2380\/revisions\/11673"}],"wp:attachment":[{"href":"https:\/\/mmlab.pl\/index.php?rest_route=%2Fwp%2Fv2%2Fmedia&parent=2380"}],"curies":[{"name":"wp","href":"https:\/\/api.w.org\/{rel}","templated":true}]}}